at is the units digit of v?
2
Let l be 2/(0 - -4 - (-3370)/(-845)). Suppose 8*p - 5*d = 11*p - l, -75 = -p + 3*d. What is the tens digit of p?
6
What is the hundreds digit of (-8)/(7*(-15)/122955)?
3
Suppose -5*l - 2*q - 1736 = 0, -2*l - q = 4*q + 686. What is the hundreds digit of (l/(-5))/(68/680)?
6
Let g = 25125 - 6263. What is the hundreds digit of g?
8
Suppose 35*m - 10 = 34*m. Let t = m - -238. What is the tens digit of t?
4
Suppose 0 = 15*f - 382407 - 100428. What is the thousands digit of f?
2
Suppose 0 = 14*d - 9*d. Let o be (d - -3) + (-120*1)/(-2). Let r = o - 55. What is the units digit of r?
8
Let t(y) = -y**2 + 4*y + 8. Let i be t(-2). Let k be ((-12)/3)/((-1)/(-2)*i). What is the tens digit of k/11 - (-636)/11?
5
Suppose -5*a - 1 = 19, -16 = -2*d + 3*a. Suppose -8*v = d*v - 20. What is the units digit of v*5/30*393?
1
Let l(v) = -5*v + 24. Let p be l(6). Let i be (-6)/36 - 37/p. Suppose 13 = i*q - 479. What is the tens digit of q?
8
Let j = 2851 + -4228. Let y = j - -2002. What is the hundreds digit of y?
6
Let n(g) = 56*g - 19*g - 23*g + 6 - 137 - 122. What is the units digit of n(38)?
9
Let r(v) = 23*v + 17. Let t(j) = 369*j + 273. Let w(z) = -33*r(z) + 2*t(z). Let y be w(-15). Suppose 5*b = b + y. What is the tens digit of b?
7
Let a be (1 + -4)/(3/(-4)). Let l(k) = 6*k**3 - 10*k**2 + 7*k - 4. What is the hundreds digit of l(a)?
2
Let p(n) = 2*n**2 - 5*n + 1350. What is the ten thousands digit of p(-128)?
3
Suppose -4 = 8*u - 10*u. Suppose 0 = -3*k - u*r + 1227, 2*k + r - 818 = 6*r. What is the tens digit of k?
0
What is the hundreds digit of (-5712)/(-63)*((-71)/12)/(6/(-54))?
8
Let j be (-285)/(-21) - (-18)/42. Let y be (1 - -1)*((-6951)/j)/(-3). Let u = 540 - y. What is the hundreds digit of u?
2
Suppose 4*g + 2*f + 0*f = 6, 4*g = 5*f + 27. Suppose g*q - 50 - 37 = 0. What is the tens digit of -3*q/2*-2?
8
Suppose -2*p + 763 = 219. Let v = p - 228. What is the units digit of v?
4
Let y be (-44)/(4 + -5) + (-2)/(-2). Suppose 9*m = -0 + y. What is the hundreds digit of -1 - (-564)/m - 44/(-220)?
1
Suppose -5*l = -c + 4262, c - 29*l - 4217 = -33*l. What is the tens digit of c?
3
Let p be -1 - -4 - 4/((-4)/19). What is the units digit of 5466/4 + (-2 - (-11)/p)?
5
Let p = 28846 - 11983. What is the tens digit of p?
6
Suppose c + 3*l + 2*l = 14218, 0 = -5*c - 5*l + 71090. What is the units digit of c?
8
Let q = 148 - 114. What is the tens digit of q*13*2/4?
2
What is the hundreds digit of (-1331598)/(-164) - (-3)/2?
1
Let q(d) = d**3 + d**2 + 6*d - 11. Let n be q(7). Let g = n - 256. What is the units digit of g?
7
Suppose 76*d - 123*d + 296711 = 0. What is the tens digit of d?
1
Suppose -2*z - 4 + 0 = -3*o, -o - 8 = -3*z. Let f = 744 - 742. Suppose 0*s - 4*w - 96 = -2*s, f*s - 112 = -o*w. What is the units digit of s?
2
Suppose -f - f + 40 = 0. Let j be (25*(3 + -1))/(-1). What is the units digit of (j - -2)*(-45)/f?
8
Let o(f) = -12*f**2 - 5 + f - 245*f**3 + 241*f**3 - 10*f. What is the hundreds digit of o(-6)?
4
Let n(j) = -283*j + 184. What is the hundreds digit of n(-27)?
8
Let m(p) = -4*p + 72. Let x be m(15). What is the tens digit of ((-3)/2)/(-12*x/6144)?
6
Let f(h) be the third derivative of -h**6/120 + 7*h**5/60 - h**4/24 + h**3/6 + h**2 - 17. Let u be f(7). What is the hundreds digit of u - (-4 + 0) - -69*4?
2
Let q = -3979 + 5643. What is the units digit of q?
4
Let d(j) = 6*j + 7. Let p(y) = -1. Let c(k) = 6*d(k) + 102*p(k). Suppose l - 4*l - 14 = -2*g, -l + 21 = 3*g. What is the hundreds digit of c(g)?
1
Let d = 1943 - -10698. Suppose 15*v - d - 934 = 0. What is the hundreds digit of v?
9
Let b(k) = 5*k**3 + 7*k**2 - 47*k + 16. What is the tens digit of b(12)?
0
Suppose 9*b - 14*b + 79175 = o, 15861 = b - 5*o. Suppose 0 = 19*l - 9339 - b. What is the tens digit of l?
2
Suppose 2*u = -u + 183. Let z = -35 + u. Suppose 5*g - z = 1104. What is the units digit of g?
6
Suppose 3*d + p - 51881 = 0, -p + 45076 + 24097 = 4*d. What is the tens digit of d?
9
Let w = -401 + 689. Let q = w + -199. What is the tens digit of q?
8
Let z = -20 - -20. Let l(x) = -5*x**2 + x + 1143. What is the thousands digit of l(z)?
1
Let t be ((-475)/(-380))/((-6)/8 + 1). Suppose -3*n + t*l + 967 = 0, -4*n + 3*l = -0*n - 1282. What is the units digit of n?
9
Let z(l) = l**2 + 18*l + 14. Suppose 13*a + 13 = 4*w + 16*a, 4*w = -a + 23. What is the units digit of z(w)?
9
Suppose 3*k = -3*f + 126759, 648*f - 649*f + 3*k = -42273. What is the thousands digit of f?
2
Let a(h) = -8*h**2 - 110*h + 11. Let i(w) = 39*w**2 + 552*w - 54. Let o(q) = -24*a(q) - 5*i(q). What is the hundreds digit of o(-38)?
2
Let f = 5098 - 3592. Let i be (f/6)/(2/2). Suppose 2*p - i = -49. What is the hundreds digit of p?
1
What is the units digit of 145426/5 - (-1 - ((-456)/30 - -15))?
6
Let g(q) = q**2 - 18*q - 20. Let f be g(21). Let j = -47 + 130. Let p = j - f. What is the units digit of p?
0
Suppose -63737 = -11*c - 4*c + 78148. What is the hundreds digit of c?
4
Let o(g) be the third derivative of g**6/120 + g**5/12 - 5*g**4/24 - g**3/3 - 3*g**2. Let z be o(-5). Suppose -a - z + 94 = 0. What is the units digit of a?
1
Suppose 4*i = -t - 1675 - 1469, -4*t = -4*i - 3144. Let p = 1203 + i. What is the units digit of p?
7
What is the hundreds digit of 1216/(-76) - 24828/(-2)?
3
Let p(r) = -r**2 + 17*r - 16. Let x be p(16). Suppose 4*t + 0*t - 5*c - 1533 = x, -2*t + 759 = 5*c. What is the units digit of t?
2
Let x(q) = -q**2 - 358 + 680 - 350 - 21*q. Suppose -3*g - 2*g = 85. What is the units digit of x(g)?
0
Let z = 470 - -6484. What is the tens digit of z?
5
Let c = 35758 + -21232. What is the units digit of c?
6
Let y = 937 - -1475. Suppose -32*z = -23*z - y. What is the units digit of z?
8
Suppose 4*p = -4*w + 7*w + 544, 2*w + 356 = -4*p. What is the hundreds digit of w/25 - -7 - (-11142)/10?
1
Suppose 5*n + 3*q - 140 = 0, 60 + 80 = 5*n + 5*q. What is the tens digit of (n/4 - -37) + 5?
4
Let j(u) = -19*u**2 + 8*u + 8. Let k be j(-6). Let l be (k/(-8) - -4)*-6. Let y = -353 - l. What is the units digit of y?
4
Suppose 0 = -31*y - 21*y + 1077855 - 379339. What is the ten thousands digit of y?
1
Let u(j) = j**3 - j**2 - j. Let y(n) = 5*n**3 - 18*n**2 + 4*n - 12. Let r(h) = 6*u(h) - y(h). What is the hundreds digit of r(8)?
2
Suppose -84*u = -101*u + 12410. What is the hundreds digit of u?
7
Let c(s) = s**3 - 18*s**2 + 95*s - 97. What is the hundreds digit of c(43)?
2
Let h = 33074 + -28753. What is the hundreds digit of h?
3
What is the units digit of 78324/1*(-4 - 117/(-27))?
8
Suppose -16*k = 14*k - 50010. Let x = -934 + k. What is the units digit of x?
3
Let l(d) = d**3 - 7*d**2 + 12*d - 2. Let c be l(4). What is the tens digit of ((-1360)/c + -3)/((-2)/(-2))?
7
Let l(s) = 949*s**2 + 207*s + 6. What is the tens digit of l(-3)?
2
Let v(y) = -83*y + 4841. What is the hundreds digit of v(-135)?
0
What is the tens digit of 184/((-2*(-5)/(-226))/((-20)/8))?
9
Let i be -2 + 6 + 112/(-8). What is the thousands digit of (4/i)/((-20)/50450)?
1
Suppose 130*z + 94*z = 3271296. What is the ten thousands digit of z?
1
Let c(u) = -21*u - 31 + 153 - 16*u. What is the tens digit of c(-4)?
7
Suppose 0 = -7*b - 5 - 9. Let y be 1 + 2/b + -223. What is the tens digit of y/(-9) - ((-60)/27)/10?
2
Let l = 85359 - 43704. What is the tens digit of l?
5
What is the hundreds digit of (-20651631)/(-1911) + 4/14?
8
Let v = 15081 - 953. What is the tens digit of v?
2
Let j(h) = h**2 + 10*h + 25. Let u be j(-6). Suppose 20 = a + 5*q, u = -a - 2*q + 9. Suppose a = 2*p - 74 - 6. What is the tens digit of p?
4
Let c = -283 + 285. Suppose d - 5*l = 311, c*d - 5*l - 150 - 492 = 0. What is the units digit of d?
1
Let w = 5325 + 3417. Suppose -9*p + w = 2568. What is the units digit of p?
6
Suppose 3*n - 14 = -2*o + 98, 3*n - 124 = o. Let r = 43 - n. What is the units digit of r?
3
Let o(u) = -318*u**3 + u. Let r be o(-1). Suppose 0 = 5*j + 47 - r. What is the units digit of j?
4
Suppose 5*o + 661 = a - 1602, 3*a + 4*o - 6770 = 0. What is the tens digit of a?
5
Let h(y) = -16*y - 10. Let g be h(2). Let l be g/6 - 6/(-3). What is the units digit of l/((-16)/4 + 3)?
5
Let y(u) = -321*u**2 - 32*u - 61. Let i be y(-2). Let d = 2481 + i. What is the units digit of d?
0
What is the ten thousands digit of (